{"version":"1.0","provider_name":"Community of Municipalities of Quercy Rouergue and the Aveyron Gorges","provider_url":"https:\/\/cc-qrga.fr\/en","author_name":"Admin-qrga","author_url":"https:\/\/cc-qrga.fr\/en\/author\/admin-qrga\/","title":"Collecte de d\u00e9chets - Communaut\u00e9 de communes du Quercy Rouergue et des Gorges de l&#039;Aveyron","type":"rich","width":600,"height":338,"html":"<blockquote class=\"wp-embedded-content\" data-secret=\"IpKB8UrzGB\"><a href=\"https:\/\/cc-qrga.fr\/en\/collecte-de-dechets\/\">Collecte de d\u00e9chets<\/a><\/blockquote><iframe sandbox=\"allow-scripts\" security=\"restricted\" src=\"https:\/\/cc-qrga.fr\/en\/collecte-de-dechets\/embed\/#?secret=IpKB8UrzGB\" width=\"600\" height=\"338\" title=\"&#8220;Collecte de d\u00e9chets&#8221; &#8212; Communaut\u00e9 de communes du Quercy Rouergue et des Gorges de l&#039;Aveyron\" data-secret=\"IpKB8UrzGB\" frameborder=\"0\" marginwidth=\"0\" marginheight=\"0\" scrolling=\"no\" class=\"wp-embedded-content\"><\/iframe><script>\n\/*! This file is auto-generated *\/\n!function(d,l){\"use strict\";l.querySelector&&d.addEventListener&&\"undefined\"!=typeof URL&&(d.wp=d.wp||{},d.wp.receiveEmbedMessage||(d.wp.receiveEmbedMessage=function(e){var t=e.data;if((t||t.secret||t.message||t.value)&&!\/[^a-zA-Z0-9]\/.test(t.secret)){for(var s,r,n,a=l.querySelectorAll('iframe[data-secret=\"'+t.secret+'\"]'),o=l.querySelectorAll('blockquote[data-secret=\"'+t.secret+'\"]'),c=new RegExp(\"^https?:$\",\"i\"),i=0;i<o.length;i++)o[i].style.display=\"none\";for(i=0;i<a.length;i++)s=a[i],e.source===s.contentWindow&&(s.removeAttribute(\"style\"),\"height\"===t.message?(1e3<(r=parseInt(t.value,10))?r=1e3:~~r<200&&(r=200),s.height=r):\"link\"===t.message&&(r=new URL(s.getAttribute(\"src\")),n=new URL(t.value),c.test(n.protocol))&&n.host===r.host&&l.activeElement===s&&(d.top.location.href=t.value))}},d.addEventListener(\"message\",d.wp.receiveEmbedMessage,!1),l.addEventListener(\"DOMContentLoaded\",function(){for(var e,t,s=l.querySelectorAll(\"iframe.wp-embedded-content\"),r=0;r<s.length;r++)(t=(e=s[r]).getAttribute(\"data-secret\"))||(t=Math.random().toString(36).substring(2,12),e.src+=\"#?secret=\"+t,e.setAttribute(\"data-secret\",t)),e.contentWindow.postMessage({message:\"ready\",secret:t},\"*\")},!1)))}(window,document);\n\/\/# sourceURL=https:\/\/cc-qrga.fr\/wp-includes\/js\/wp-embed.min.js\n<\/script>","description":"La collecte des d\u00e9chets est une politique qui nous concerne tous. Habitants permanents, r\u00e9sidents secondaires, vacanciers, professionnels, \u2026 nous g\u00e9n\u00e9rons tous des d\u00e9chets qu\u2019il convient de collecter et de traiter convenablement, pour r\u00e9duire notre empreinte sur l\u2019environnement. Au-del\u00e0 d\u2019une comp\u00e9tence intercommunale, la collecte des d\u00e9chets m\u00e9nagers est un enjeu crucial pour la pr\u00e9servation et le renforcement de la qualit\u00e9 de vie sur notre territoire.","thumbnail_url":"https:\/\/cc-qrga.fr\/wp-content\/uploads\/2022\/09\/Gazette-juin-2022-webzone-1-1-1024x669.jpg"}

Collecte de déchets - Communauté de communes du Quercy Rouergue et des Gorges de l&#039;Aveyron

<blockquote class="wp-embedded-content" data-secret="IpKB8UrzGB"><a href="https://cc-qrga.fr/en/collecte-de-dechets/">Collecte de déchets</a></blockquote><iframe sandbox="allow-scripts" security="restricted" src="https://cc-qrga.fr/en/collecte-de-dechets/embed/#?secret=IpKB8UrzGB" width="600" height="338" title="&#8220;Collecte de déchets&#8221; &#8212; Communauté de communes du Quercy Rouergue et des Gorges de l&#039;Aveyron" data-secret="IpKB8UrzGB" frameborder="0" marginwidth="0" marginheight="0" scrolling="no" class="wp-embedded-content"></iframe><script>
/*! This file is auto-generated */
!function(d,l){"use strict";l.querySelector&&d.addEventListener&&"undefined"!=typeof URL&&(d.wp=d.wp||{},d.wp.receiveEmbedMessage||(d.wp.receiveEmbedMessage=function(e){var t=e.data;if((t||t.secret||t.message||t.value)&&!/[^a-zA-Z0-9]/.test(t.secret)){for(var s,r,n,a=l.querySelectorAll('iframe[data-secret="'+t.secret+'"]'),o=l.querySelectorAll('blockquote[data-secret="'+t.secret+'"]'),c=new RegExp("^https?:$","i"),i=0;i<o.length;i++)o[i].style.display="none";for(i=0;i<a.length;i++)s=a[i],e.source===s.contentWindow&&(s.removeAttribute("style"),"height"===t.message?(1e3<(r=parseInt(t.value,10))?r=1e3:~~r<200&&(r=200),s.height=r):"link"===t.message&&(r=new URL(s.getAttribute("src")),n=new URL(t.value),c.test(n.protocol))&&n.host===r.host&&l.activeElement===s&&(d.top.location.href=t.value))}},d.addEventListener("message",d.wp.receiveEmbedMessage,!1),l.addEventListener("DOMContentLoaded",function(){for(var e,t,s=l.querySelectorAll("iframe.wp-embedded-content"),r=0;r<s.length;r++)(t=(e=s[r]).getAttribute("data-secret"))||(t=Math.random().toString(36).substring(2,12),e.src+="#?secret="+t,e.setAttribute("data-secret",t)),e.contentWindow.postMessage({message:"ready",secret:t},"*")},!1)))}(window,document);
//# sourceURL=https://cc-qrga.fr/wp-includes/js/wp-embed.min.js
</script>

La collecte des déchets est une politique qui nous concerne tous. Habitants permanents, résidents secondaires, vacanciers, professionnels, … nous générons tous des déchets qu’il convient de collecter et de traiter convenablement, pour réduire notre empreinte sur l’environnement. Au-delà d’une compétence intercommunale, la collecte des déchets ménagers est un enjeu crucial pour la préservation et le renforcement de la qualité de vie sur notre territoire.
