{"id":144,"date":"2021-04-06T16:54:02","date_gmt":"2021-04-06T14:54:02","guid":{"rendered":"https:\/\/cc-qrga.fr\/enfancejeunesse\/?page_id=144"},"modified":"2025-09-30T14:26:51","modified_gmt":"2025-09-30T12:26:51","slug":"after-college","status":"publish","type":"page","link":"https:\/\/cc-qrga.fr\/enfancejeunesse\/local-jeune\/after-college\/","title":{"rendered":"After coll\u00e8ge"},"content":{"rendered":"\t\t<div data-elementor-type=\"wp-page\" data-elementor-id=\"144\" class=\"elementor elementor-144\" data-elementor-post-type=\"page\">\n\t\t\t\t\t\t\t\t\t<section class=\"elementor-section elementor-top-section elementor-element elementor-element-1fe9306b elementor-section-height-min-height elementor-hidden-phone elementor-section-boxed elementor-section-height-default elementor-section-items-middle\" data-id=\"1fe9306b\" data-element_type=\"section\" data-settings=\"{&quot;background_background&quot;:&quot;slideshow&quot;,&quot;background_slideshow_gallery&quot;:[{&quot;id&quot;:2920,&quot;url&quot;:&quot;https:\\\/\\\/cc-qrga.fr\\\/enfancejeunesse\\\/wp-content\\\/uploads\\\/2021\\\/05\\\/three-teenage-girls-TCB34PG-scaled.jpg&quot;},{&quot;id&quot;:2919,&quot;url&quot;:&quot;https:\\\/\\\/cc-qrga.fr\\\/enfancejeunesse\\\/wp-content\\\/uploads\\\/2021\\\/05\\\/group-of-multiethnic-teen-scholars-spending-time-t-57LDRB6-scaled.jpg&quot;}],&quot;shape_divider_bottom&quot;:&quot;mountains&quot;,&quot;background_slideshow_loop&quot;:&quot;yes&quot;,&quot;background_slideshow_slide_duration&quot;:5000,&quot;background_slideshow_slide_transition&quot;:&quot;fade&quot;,&quot;background_slideshow_transition_duration&quot;:500}\">\n\t\t\t\t\t<div class=\"elementor-shape elementor-shape-bottom\" data-negative=\"false\">\n\t\t\t<svg xmlns=\"http:\/\/www.w3.org\/2000\/svg\" viewBox=\"0 0 1000 100\" preserveAspectRatio=\"none\">\n\t<path class=\"elementor-shape-fill\" opacity=\"0.33\" d=\"M473,67.3c-203.9,88.3-263.1-34-320.3,0C66,119.1,0,59.7,0,59.7V0h1000v59.7 c0,0-62.1,26.1-94.9,29.3c-32.8,3.3-62.8-12.3-75.8-22.1C806,49.6,745.3,8.7,694.9,4.7S492.4,59,473,67.3z\"\/>\n\t<path class=\"elementor-shape-fill\" opacity=\"0.66\" d=\"M734,67.3c-45.5,0-77.2-23.2-129.1-39.1c-28.6-8.7-150.3-10.1-254,39.1 s-91.7-34.4-149.2,0C115.7,118.3,0,39.8,0,39.8V0h1000v36.5c0,0-28.2-18.5-92.1-18.5C810.2,18.1,775.7,67.3,734,67.3z\"\/>\n\t<path class=\"elementor-shape-fill\" d=\"M766.1,28.9c-200-57.5-266,65.5-395.1,19.5C242,1.8,242,5.4,184.8,20.6C128,35.8,132.3,44.9,89.9,52.5C28.6,63.7,0,0,0,0 h1000c0,0-9.9,40.9-83.6,48.1S829.6,47,766.1,28.9z\"\/>\n<\/svg>\t\t<\/div>\n\t\t\t\t\t<div class=\"elementor-container elementor-column-gap-default\">\n\t\t\t\t\t<div class=\"elementor-column elementor-col-100 elementor-top-column elementor-element elementor-element-306a207\" data-id=\"306a207\" data-element_type=\"column\">\n\t\t\t<div class=\"elementor-widget-wrap elementor-element-populated\">\n\t\t\t\t\t\t\t\t<div class=\"elementor-element elementor-element-7aba6b1 elementor-widget elementor-widget-heading\" data-id=\"7aba6b1\" data-element_type=\"widget\" data-widget_type=\"heading.default\">\n\t\t\t\t<div class=\"elementor-widget-container\">\n\t\t\t<h2 class=\"elementor-heading-title elementor-size-default\">AFTER COLL\u00e8ge<\/h2>\t\t<\/div>\n\t\t\t\t<\/div>\n\t\t\t\t<div class=\"elementor-element elementor-element-5ebfbcdd elementor-widget__width-initial elementor-absolute animated-fast elementor-hidden-phone elementor-invisible elementor-widget elementor-widget-heading\" data-id=\"5ebfbcdd\" data-element_type=\"widget\" data-settings=\"{&quot;_position&quot;:&quot;absolute&quot;,&quot;_animation&quot;:&quot;fadeInRight&quot;}\" data-widget_type=\"heading.default\">\n\t\t\t\t<div class=\"elementor-widget-container\">\n\t\t\t<h2 class=\"elementor-heading-title elementor-size-default\">le local jeunes<\/h2>\t\t<\/div>\n\t\t\t\t<\/div>\n\t\t\t\t\t<\/div>\n\t\t<\/div>\n\t\t\t\t\t\t\t<\/div>\n\t\t<\/section>\n\t\t\t\t<section class=\"elementor-section elementor-top-section elementor-element elementor-element-39486b3a elementor-section-full_width elementor-section-height-default elementor-section-height-default\" data-id=\"39486b3a\" data-element_type=\"section\" data-settings=\"{&quot;background_background&quot;:&quot;classic&quot;}\">\n\t\t\t\t\t\t<div class=\"elementor-container elementor-column-gap-default\">\n\t\t\t\t\t<div class=\"elementor-column elementor-col-100 elementor-top-column elementor-element elementor-element-1156e57c\" data-id=\"1156e57c\" data-element_type=\"column\" data-settings=\"{&quot;background_background&quot;:&quot;gradient&quot;}\">\n\t\t\t<div class=\"elementor-widget-wrap\">\n\t\t\t\t\t\t\t\t\t<\/div>\n\t\t<\/div>\n\t\t\t\t\t\t\t<\/div>\n\t\t<\/section>\n\t\t\t\t<section class=\"elementor-section elementor-top-section elementor-element elementor-element-b84d529 elementor-section-boxed elementor-section-height-default elementor-section-height-default\" data-id=\"b84d529\" data-element_type=\"section\" data-settings=\"{&quot;background_background&quot;:&quot;classic&quot;}\">\n\t\t\t\t\t\t<div class=\"elementor-container elementor-column-gap-default\">\n\t\t\t\t\t<div class=\"elementor-column elementor-col-100 elementor-top-column elementor-element elementor-element-c587e25\" data-id=\"c587e25\" data-element_type=\"column\">\n\t\t\t<div class=\"elementor-widget-wrap elementor-element-populated\">\n\t\t\t\t\t\t\t\t<div class=\"elementor-element elementor-element-2862b6a elementor-widget elementor-widget-heading\" data-id=\"2862b6a\" data-element_type=\"widget\" data-widget_type=\"heading.default\">\n\t\t\t\t<div class=\"elementor-widget-container\">\n\t\t\t<h2 class=\"elementor-heading-title elementor-size-default\">Descriptions AFTER COll\u00e8ge<\/h2>\t\t<\/div>\n\t\t\t\t<\/div>\n\t\t\t\t\t<\/div>\n\t\t<\/div>\n\t\t\t\t\t\t\t<\/div>\n\t\t<\/section>\n\t\t\t\t<section class=\"elementor-section elementor-top-section elementor-element elementor-element-7e5b2b14 elementor-section-full_width elementor-section-height-default elementor-section-height-default\" data-id=\"7e5b2b14\" data-element_type=\"section\" data-settings=\"{&quot;background_background&quot;:&quot;classic&quot;}\">\n\t\t\t\t\t\t<div class=\"elementor-container elementor-column-gap-default\">\n\t\t\t\t\t<div class=\"elementor-column elementor-col-50 elementor-top-column elementor-element elementor-element-1413509e\" data-id=\"1413509e\" data-element_type=\"column\">\n\t\t\t<div class=\"elementor-widget-wrap elementor-element-populated\">\n\t\t\t\t\t\t\t\t<div class=\"elementor-element elementor-element-428fd40a elementor-widget elementor-widget-text-editor\" data-id=\"428fd40a\" data-element_type=\"widget\" data-widget_type=\"text-editor.default\">\n\t\t\t\t<div class=\"elementor-widget-container\">\n\t\t\t\t\t\t\t<p>Le local jeunes est ouvert les mardis, jeudis et vendredis apr\u00e8s le coll\u00e8ge afin de proposer aux jeunes un lieu encadr\u00e9 par un animateur jeunesse o\u00f9 ils peuvent:<\/p>\n<ul>\n<li>organiser des jeu, des tournois sportifs (ping-pong, billards, sports de ballons, &#8230;)<\/li>\n<li>venir librement discuter<\/li>\n<li>imaginer et cr\u00e9er des programmations, des \u00e9v\u00e8nements, des projets<\/li>\n<li>faire leurs devoirs<\/li>\n<li>prendre des renseignements<\/li>\n<li>participer \u00e0 des d\u00e9bats<\/li>\n<li>&#8230;<\/li>\n<\/ul>\n\t\t\t\t\t\t<\/div>\n\t\t\t\t<\/div>\n\t\t\t\t\t<\/div>\n\t\t<\/div>\n\t\t\t\t<div class=\"elementor-column elementor-col-50 elementor-top-column elementor-element elementor-element-4636010e\" data-id=\"4636010e\" data-element_type=\"column\">\n\t\t\t<div class=\"elementor-widget-wrap elementor-element-populated\">\n\t\t\t\t\t\t\t\t\t<\/div>\n\t\t<\/div>\n\t\t\t\t\t\t\t<\/div>\n\t\t<\/section>\n\t\t\t\t<section class=\"elementor-section elementor-top-section elementor-element elementor-element-661e0f4 elementor-section-full_width elementor-section-height-default elementor-section-height-default\" data-id=\"661e0f4\" data-element_type=\"section\" id=\"centre\" data-settings=\"{&quot;background_background&quot;:&quot;classic&quot;}\">\n\t\t\t\t\t\t<div class=\"elementor-container elementor-column-gap-default\">\n\t\t\t\t\t<div class=\"elementor-column elementor-col-100 elementor-top-column elementor-element elementor-element-6bd6b8de\" data-id=\"6bd6b8de\" data-element_type=\"column\" id=\"crechecontact\" data-settings=\"{&quot;background_background&quot;:&quot;classic&quot;}\">\n\t\t\t<div class=\"elementor-widget-wrap elementor-element-populated\">\n\t\t\t\t\t\t\t\t<div class=\"elementor-element elementor-element-27976051 elementor-widget elementor-widget-heading\" data-id=\"27976051\" data-element_type=\"widget\" id=\"ljcontact\" data-widget_type=\"heading.default\">\n\t\t\t\t<div class=\"elementor-widget-container\">\n\t\t\t<h2 class=\"elementor-heading-title elementor-size-default\">Horaires<\/h2>\t\t<\/div>\n\t\t\t\t<\/div>\n\t\t\t\t<div class=\"elementor-element elementor-element-3202b040 elementor-widget elementor-widget-text-editor\" data-id=\"3202b040\" data-element_type=\"widget\" data-widget_type=\"text-editor.default\">\n\t\t\t\t<div class=\"elementor-widget-container\">\n\t\t\t\t\t\t\t<p>Le Local Jeunes \u00ab\u00a0After Coll\u00e8ge\u00a0\u00bb ouvre ses portes :<\/p>\n<ul>\n<li>les mardis et jeudis de 14h30 \u00e0 17h<\/li>\n<li>les vendredis de 14h30 \u00e0 18h<\/li>\n<li>les mercredis de 12h30 \u00e0 17h30<\/li>\n<\/ul>\n\t\t\t\t\t\t<\/div>\n\t\t\t\t<\/div>\n\t\t\t\t\t<\/div>\n\t\t<\/div>\n\t\t\t\t\t\t\t<\/div>\n\t\t<\/section>\n\t\t\t\t<section class=\"elementor-section elementor-top-section elementor-element elementor-element-242eafb elementor-section-boxed elementor-section-height-default elementor-section-height-default\" data-id=\"242eafb\" data-element_type=\"section\" data-settings=\"{&quot;background_background&quot;:&quot;classic&quot;}\">\n\t\t\t\t\t\t<div class=\"elementor-container elementor-column-gap-default\">\n\t\t\t\t\t<div class=\"elementor-column elementor-col-100 elementor-top-column elementor-element elementor-element-7069c0b\" data-id=\"7069c0b\" data-element_type=\"column\">\n\t\t\t<div class=\"elementor-widget-wrap elementor-element-populated\">\n\t\t\t\t\t\t\t\t<div class=\"elementor-element elementor-element-1763968 elementor-widget elementor-widget-heading\" data-id=\"1763968\" data-element_type=\"widget\" data-widget_type=\"heading.default\">\n\t\t\t\t<div class=\"elementor-widget-container\">\n\t\t\t<h2 class=\"elementor-heading-title elementor-size-default\">Descriptions Accompagnement \u00e0 la scolarit\u00e9<\/h2>\t\t<\/div>\n\t\t\t\t<\/div>\n\t\t\t\t\t<\/div>\n\t\t<\/div>\n\t\t\t\t\t\t\t<\/div>\n\t\t<\/section>\n\t\t\t\t<section class=\"elementor-section elementor-top-section elementor-element elementor-element-9694aa8 elementor-section-full_width elementor-section-height-default elementor-section-height-default\" data-id=\"9694aa8\" data-element_type=\"section\" data-settings=\"{&quot;background_background&quot;:&quot;classic&quot;}\">\n\t\t\t\t\t\t<div class=\"elementor-container elementor-column-gap-default\">\n\t\t\t\t\t<div class=\"elementor-column elementor-col-50 elementor-top-column elementor-element elementor-element-cee27fd\" data-id=\"cee27fd\" data-element_type=\"column\">\n\t\t\t<div class=\"elementor-widget-wrap elementor-element-populated\">\n\t\t\t\t\t\t\t\t<div class=\"elementor-element elementor-element-eba9576 elementor-widget elementor-widget-text-editor\" data-id=\"eba9576\" data-element_type=\"widget\" data-widget_type=\"text-editor.default\">\n\t\t\t\t<div class=\"elementor-widget-container\">\n\t\t\t\t\t\t\t<p>Le dispositif Contrat Local d&rsquo;Accompagnement \u00e0 la Scolarit\u00e9 permet \u00e0 des jeunes, en difficult\u00e9 scolaire ou ayant besoin d&rsquo;un appui, d\u2019\u00eatre accompagn\u00e9s de mani\u00e8re quasi individuelle, afin de travailler de mani\u00e8re adapt\u00e9e. Des m\u00e9thodes de travail, de l\u2019aide \u00e0 l\u2019organisation, une aide au travail personnel, \u00e0 la lecture et \u00e0 la compr\u00e9hension de consignes et \u00e9nonc\u00e9s, sont propos\u00e9s afin de d\u00e9velopper leur autonomie.<\/p>\n<p>Des s\u00e9ances seront d\u00e9di\u00e9es \u00e0 \u00e9largir les centres d\u2019int\u00e9r\u00eat des jeunes, \u00e0 travers diff\u00e9rents supports (sorties et visites, animation de d\u00e9bats, activit\u00e9s vari\u00e9es\u2026)<\/p>\n<p>La mesure de la progression des participants sera faite au moyen d\u2019une fiche individuelle de suivi sur l\u2019ann\u00e9e.\u00a0 Des temps de rencontre avec les parents seront pr\u00e9vus pour les en informer, proposer des temps conviviaux jeunes\/parents et les soutenir dans leur r\u00f4le \u00e9ducatif.\u00a0 Un soutien dans leur relation \u00e0 l\u2019\u00e9cole pourrait aussi \u00eatre envisag\u00e9, si des besoins sont identifi\u00e9s (compr\u00e9hension des codes du coll\u00e8ge, accompagnement des parents lors des rencontres avec les enseignants\u2026)<\/p>\n<p>Un partenariat avec le coll\u00e8ge Pierre Bayrou est en place. Son \u00e9quipe p\u00e9dagogique pourra orienter des \u00e9l\u00e8ves vers le CLAS, et \u00e9changer avec les intervenants afin de d\u00e9finir les objectifs \u00e0 mettre en place pour les \u00e9l\u00e8ves.<\/p>\n<p>Le Clas est associ\u00e9 au projet \u00e9ducatif local<\/p>\n\t\t\t\t\t\t<\/div>\n\t\t\t\t<\/div>\n\t\t\t\t\t<\/div>\n\t\t<\/div>\n\t\t\t\t<div class=\"elementor-column elementor-col-50 elementor-top-column elementor-element elementor-element-fcea99b\" data-id=\"fcea99b\" data-element_type=\"column\">\n\t\t\t<div class=\"elementor-widget-wrap elementor-element-populated\">\n\t\t\t\t\t\t\t\t\t<\/div>\n\t\t<\/div>\n\t\t\t\t\t\t\t<\/div>\n\t\t<\/section>\n\t\t\t\t<section class=\"elementor-section elementor-top-section elementor-element elementor-element-8229a71 elementor-section-full_width elementor-section-height-default elementor-section-height-default\" data-id=\"8229a71\" data-element_type=\"section\" data-settings=\"{&quot;background_background&quot;:&quot;classic&quot;}\">\n\t\t\t\t\t\t<div class=\"elementor-container elementor-column-gap-default\">\n\t\t\t\t\t<div class=\"elementor-column elementor-col-100 elementor-top-column elementor-element elementor-element-4c21346\" data-id=\"4c21346\" data-element_type=\"column\" data-settings=\"{&quot;background_background&quot;:&quot;classic&quot;}\">\n\t\t\t<div class=\"elementor-widget-wrap elementor-element-populated\">\n\t\t\t\t\t\t\t\t<div class=\"elementor-element elementor-element-289d2cc elementor-widget elementor-widget-heading\" data-id=\"289d2cc\" data-element_type=\"widget\" data-widget_type=\"heading.default\">\n\t\t\t\t<div class=\"elementor-widget-container\">\n\t\t\t<h2 class=\"elementor-heading-title elementor-size-default\">contact<\/h2>\t\t<\/div>\n\t\t\t\t<\/div>\n\t\t\t\t<div class=\"elementor-element elementor-element-2d62709 elementor-widget elementor-widget-text-editor\" data-id=\"2d62709\" data-element_type=\"widget\" data-widget_type=\"text-editor.default\">\n\t\t\t\t<div class=\"elementor-widget-container\">\n\t\t\t\t\t\t\t<p style=\"text-align: center\">Local jeunes intercommunal QRGA<\/p>\n<p style=\"text-align: center\">9, place des tilleuls<\/p>\n<p style=\"text-align: center\">82140 Saint-Antonin-Noble-Val<\/p>\n<p style=\"text-align: center\">07.76.11.42.17<\/p>\n<p style=\"text-align: center\">localjeunes@cc-qrga.fr<\/p>\n\t\t\t\t\t\t<\/div>\n\t\t\t\t<\/div>\n\t\t\t\t\t<\/div>\n\t\t<\/div>\n\t\t\t\t\t\t\t<\/div>\n\t\t<\/section>\n\t\t\t\t\t\t\t<\/div>\n\t\t","protected":false},"excerpt":{"rendered":"<p>AFTER COLL\u00e8ge le local jeunes Descriptions AFTER COll\u00e8ge Horaires Descriptions Accompagnement \u00e0 la scolarit\u00e9 contact<\/p>\n","protected":false},"author":1,"featured_media":0,"parent":124,"menu_order":3,"comment_status":"closed","ping_status":"closed","template":"","meta":{"footnotes":""},"folder":[4],"class_list":["post-144","page","type-page","status-publish","hentry"],"acf":[],"_links":{"self":[{"href":"https:\/\/cc-qrga.fr\/enfancejeunesse\/wp-json\/wp\/v2\/pages\/144","targetHints":{"allow":["GET"]}}],"collection":[{"href":"https:\/\/cc-qrga.fr\/enfancejeunesse\/wp-json\/wp\/v2\/pages"}],"about":[{"href":"https:\/\/cc-qrga.fr\/enfancejeunesse\/wp-json\/wp\/v2\/types\/page"}],"author":[{"embeddable":true,"href":"https:\/\/cc-qrga.fr\/enfancejeunesse\/wp-json\/wp\/v2\/users\/1"}],"replies":[{"embeddable":true,"href":"https:\/\/cc-qrga.fr\/enfancejeunesse\/wp-json\/wp\/v2\/comments?post=144"}],"version-history":[{"count":105,"href":"https:\/\/cc-qrga.fr\/enfancejeunesse\/wp-json\/wp\/v2\/pages\/144\/revisions"}],"predecessor-version":[{"id":11572,"href":"https:\/\/cc-qrga.fr\/enfancejeunesse\/wp-json\/wp\/v2\/pages\/144\/revisions\/11572"}],"up":[{"embeddable":true,"href":"https:\/\/cc-qrga.fr\/enfancejeunesse\/wp-json\/wp\/v2\/pages\/124"}],"wp:attachment":[{"href":"https:\/\/cc-qrga.fr\/enfancejeunesse\/wp-json\/wp\/v2\/media?parent=144"}],"wp:term":[{"taxonomy":"folder","embeddable":true,"href":"https:\/\/cc-qrga.fr\/enfancejeunesse\/wp-json\/wp\/v2\/folder?post=144"}],"curies":[{"name":"wp","href":"https:\/\/api.w.org\/{rel}","templated":true}]}}