{"id":7192,"date":"2021-12-17T15:35:23","date_gmt":"2021-12-17T14:35:23","guid":{"rendered":"https:\/\/cc-qrga.fr\/enfancejeunesse\/?page_id=7192"},"modified":"2023-12-08T11:48:41","modified_gmt":"2023-12-08T10:48:41","slug":"pij","status":"publish","type":"page","link":"https:\/\/cc-qrga.fr\/enfancejeunesse\/pij\/","title":{"rendered":"PIJ"},"content":{"rendered":"\t\t<div data-elementor-type=\"wp-page\" data-elementor-id=\"7192\" class=\"elementor elementor-7192\" data-elementor-post-type=\"page\">\n\t\t\t\t\t\t\t\t\t<section class=\"elementor-section elementor-top-section elementor-element elementor-element-37363f2c elementor-section-full_width fonction elementor-section-height-default elementor-section-height-default\" data-id=\"37363f2c\" data-element_type=\"section\">\n\t\t\t\t\t\t<div class=\"elementor-container elementor-column-gap-default\">\n\t\t\t\t\t<div class=\"elementor-column elementor-col-100 elementor-top-column elementor-element elementor-element-be743d1\" data-id=\"be743d1\" data-element_type=\"column\">\n\t\t\t<div class=\"elementor-widget-wrap\">\n\t\t\t\t\t\t\t\t\t<\/div>\n\t\t<\/div>\n\t\t\t\t\t\t\t<\/div>\n\t\t<\/section>\n\t\t\t\t<section class=\"elementor-section elementor-top-section elementor-element elementor-element-43cd43d elementor-section-full_width elementor-section-height-min-height elementor-section-height-default elementor-section-items-middle\" data-id=\"43cd43d\" data-element_type=\"section\" data-settings=\"{&quot;shape_divider_top&quot;:&quot;mountains&quot;,&quot;background_background&quot;:&quot;classic&quot;}\">\n\t\t\t\t\t<div class=\"elementor-shape elementor-shape-top\" data-negative=\"false\">\n\t\t\t<svg xmlns=\"http:\/\/www.w3.org\/2000\/svg\" viewBox=\"0 0 1000 100\" preserveAspectRatio=\"none\">\n\t<path class=\"elementor-shape-fill\" opacity=\"0.33\" d=\"M473,67.3c-203.9,88.3-263.1-34-320.3,0C66,119.1,0,59.7,0,59.7V0h1000v59.7 c0,0-62.1,26.1-94.9,29.3c-32.8,3.3-62.8-12.3-75.8-22.1C806,49.6,745.3,8.7,694.9,4.7S492.4,59,473,67.3z\"\/>\n\t<path class=\"elementor-shape-fill\" opacity=\"0.66\" d=\"M734,67.3c-45.5,0-77.2-23.2-129.1-39.1c-28.6-8.7-150.3-10.1-254,39.1 s-91.7-34.4-149.2,0C115.7,118.3,0,39.8,0,39.8V0h1000v36.5c0,0-28.2-18.5-92.1-18.5C810.2,18.1,775.7,67.3,734,67.3z\"\/>\n\t<path class=\"elementor-shape-fill\" d=\"M766.1,28.9c-200-57.5-266,65.5-395.1,19.5C242,1.8,242,5.4,184.8,20.6C128,35.8,132.3,44.9,89.9,52.5C28.6,63.7,0,0,0,0 h1000c0,0-9.9,40.9-83.6,48.1S829.6,47,766.1,28.9z\"\/>\n<\/svg>\t\t<\/div>\n\t\t\t\t\t<div class=\"elementor-container elementor-column-gap-default\">\n\t\t\t\t\t<div class=\"elementor-column elementor-col-100 elementor-top-column elementor-element elementor-element-5fd015cd\" data-id=\"5fd015cd\" data-element_type=\"column\">\n\t\t\t<div class=\"elementor-widget-wrap elementor-element-populated\">\n\t\t\t\t\t\t\t\t<div class=\"elementor-element elementor-element-6b48c34d fonction elementor-widget elementor-widget-heading\" data-id=\"6b48c34d\" data-element_type=\"widget\" id=\"sejourequipes\" data-widget_type=\"heading.default\">\n\t\t\t\t<div class=\"elementor-widget-container\">\n\t\t\t<h2 class=\"elementor-heading-title elementor-size-default\">C\u2019est quoi le PIJ ?<\/h2>\t\t<\/div>\n\t\t\t\t<\/div>\n\t\t\t\t\t<\/div>\n\t\t<\/div>\n\t\t\t\t\t\t\t<\/div>\n\t\t<\/section>\n\t\t\t\t<section class=\"elementor-section elementor-top-section elementor-element elementor-element-6957c1d1 fonction elementor-section-boxed elementor-section-height-default elementor-section-height-default\" data-id=\"6957c1d1\" data-element_type=\"section\" data-settings=\"{&quot;background_background&quot;:&quot;classic&quot;,&quot;shape_divider_bottom&quot;:&quot;mountains&quot;}\">\n\t\t\t\t\t<div class=\"elementor-shape elementor-shape-bottom\" data-negative=\"false\">\n\t\t\t<svg xmlns=\"http:\/\/www.w3.org\/2000\/svg\" viewBox=\"0 0 1000 100\" preserveAspectRatio=\"none\">\n\t<path class=\"elementor-shape-fill\" opacity=\"0.33\" d=\"M473,67.3c-203.9,88.3-263.1-34-320.3,0C66,119.1,0,59.7,0,59.7V0h1000v59.7 c0,0-62.1,26.1-94.9,29.3c-32.8,3.3-62.8-12.3-75.8-22.1C806,49.6,745.3,8.7,694.9,4.7S492.4,59,473,67.3z\"\/>\n\t<path class=\"elementor-shape-fill\" opacity=\"0.66\" d=\"M734,67.3c-45.5,0-77.2-23.2-129.1-39.1c-28.6-8.7-150.3-10.1-254,39.1 s-91.7-34.4-149.2,0C115.7,118.3,0,39.8,0,39.8V0h1000v36.5c0,0-28.2-18.5-92.1-18.5C810.2,18.1,775.7,67.3,734,67.3z\"\/>\n\t<path class=\"elementor-shape-fill\" d=\"M766.1,28.9c-200-57.5-266,65.5-395.1,19.5C242,1.8,242,5.4,184.8,20.6C128,35.8,132.3,44.9,89.9,52.5C28.6,63.7,0,0,0,0 h1000c0,0-9.9,40.9-83.6,48.1S829.6,47,766.1,28.9z\"\/>\n<\/svg>\t\t<\/div>\n\t\t\t\t\t<div class=\"elementor-container elementor-column-gap-default\">\n\t\t\t\t\t<div class=\"elementor-column elementor-col-50 elementor-top-column elementor-element elementor-element-205d860f\" data-id=\"205d860f\" data-element_type=\"column\">\n\t\t\t<div class=\"elementor-widget-wrap elementor-element-populated\">\n\t\t\t\t\t\t\t\t<div class=\"elementor-element elementor-element-49abc746 elementor-widget elementor-widget-image\" data-id=\"49abc746\" data-element_type=\"widget\" data-widget_type=\"image.default\">\n\t\t\t\t<div class=\"elementor-widget-container\">\n\t\t\t\t\t\t\t\t\t\t\t\t\t\t\t<img loading=\"lazy\" decoding=\"async\" width=\"539\" height=\"1000\" src=\"https:\/\/cc-qrga.fr\/enfancejeunesse\/wp-content\/uploads\/2023\/12\/couv.png\" class=\"attachment-large size-large wp-image-9111\" alt=\"\" srcset=\"https:\/\/cc-qrga.fr\/enfancejeunesse\/wp-content\/uploads\/2023\/12\/couv.png 539w, https:\/\/cc-qrga.fr\/enfancejeunesse\/wp-content\/uploads\/2023\/12\/couv-162x300.png 162w\" sizes=\"auto, (max-width: 539px) 100vw, 539px\" \/>\t\t\t\t\t\t\t\t\t\t\t\t\t\t\t<\/div>\n\t\t\t\t<\/div>\n\t\t\t\t\t<\/div>\n\t\t<\/div>\n\t\t\t\t<div class=\"elementor-column elementor-col-50 elementor-top-column elementor-element elementor-element-3c129f3f\" data-id=\"3c129f3f\" data-element_type=\"column\">\n\t\t\t<div class=\"elementor-widget-wrap elementor-element-populated\">\n\t\t\t\t\t\t\t\t<div class=\"elementor-element elementor-element-68201a45 elementor-widget elementor-widget-text-editor\" data-id=\"68201a45\" data-element_type=\"widget\" data-widget_type=\"text-editor.default\">\n\t\t\t\t<div class=\"elementor-widget-container\">\n\t\t\t\t\t\t\t<h4><span class=\"s1\">Le Point d\u2019Information Jeunesse est un<span class=\"Apple-converted-space\">\u00a0 <\/span>lieu d\u2019information et d\u2019orientation pour tout ce qui concerne la vie quotidienne, citoyenne, scolaire et\/ou professionnelle. Un lieu d\u2019\u00e9coute, de conseils et d\u2019accompagnement <\/span><span class=\"s2\"><b>Un accueil sans rendez-vous, anonyme et gratuit.<\/b><\/span><\/h4><p class=\"p1\"><span class=\"s2\"><b>Il est ouvert \u00e0 tout public :<\/b><\/span><span class=\"s1\"> coll\u00e9giens,<span class=\"Apple-converted-space\">\u00a0 <\/span>lyc\u00e9ens, \u00e9tudiants, salari\u00e9s, demandeurs d\u2019emploi, parents, professionnels.<\/span><\/p><p class=\"p3\"><span class=\"s1\"><b>Vous y trouverez des informations :<\/b><\/span><\/p><ul><li class=\"p4\"><span class=\"s2\">\u00c9TUDES<\/span><\/li><li class=\"p4\"><span class=\"s2\">EMPLOI\/JOB<\/span><\/li><li class=\"p4\"><span class=\"s2\">M\u00c9TIERS<\/span><\/li><li class=\"p4\"><span class=\"s2\">FORMATIONS<\/span><\/li><li class=\"p4\"><span class=\"s2\">DROITS<\/span><\/li><li class=\"p4\"><span class=\"s2\">SANT\u00c9<\/span><\/li><li class=\"p4\"><span class=\"s2\">LOISIRS<\/span><\/li><li class=\"p4\"><span class=\"s2\">LOGEMENT<\/span><\/li><li class=\"p4\"><span class=\"s2\">ENGAGEMENT<\/span><\/li><li class=\"p4\"><span class=\"s2\">MOBILIT\u00c9 INTERNATIONALE<\/span><\/li><\/ul><p>\u00a0<\/p><p class=\"p5\"><span class=\"s1\"><b>Mais le PIJ c\u2019est aussi :<\/b><\/span><\/p><ul><li class=\"p4\"><span class=\"s2\">Un espace multim\u00e9dia \/ Internet<\/span><\/li><li class=\"p4\"><span class=\"s2\">Aide aux d\u00e9marches administratives<\/span><\/li><\/ul>\t\t\t\t\t\t<\/div>\n\t\t\t\t<\/div>\n\t\t\t\t\t<\/div>\n\t\t<\/div>\n\t\t\t\t\t\t\t<\/div>\n\t\t<\/section>\n\t\t\t\t<section class=\"elementor-section elementor-top-section elementor-element elementor-element-47f4209a fonction elementor-section-boxed elementor-section-height-default elementor-section-height-default\" data-id=\"47f4209a\" data-element_type=\"section\" id=\"centre\">\n\t\t\t\t\t\t<div class=\"elementor-container elementor-column-gap-default\">\n\t\t\t\t\t<div class=\"elementor-column elementor-col-100 elementor-top-column elementor-element elementor-element-abf8e81\" data-id=\"abf8e81\" data-element_type=\"column\" id=\"crechecontact\" data-settings=\"{&quot;background_background&quot;:&quot;classic&quot;}\">\n\t\t\t<div class=\"elementor-widget-wrap elementor-element-populated\">\n\t\t\t\t\t\t\t\t<div class=\"elementor-element elementor-element-34c3d752 elementor-widget elementor-widget-heading\" data-id=\"34c3d752\" data-element_type=\"widget\" id=\"sejourcontact\" data-widget_type=\"heading.default\">\n\t\t\t\t<div class=\"elementor-widget-container\">\n\t\t\t<h2 class=\"elementor-heading-title elementor-size-default\">contact<\/h2>\t\t<\/div>\n\t\t\t\t<\/div>\n\t\t\t\t<div class=\"elementor-element elementor-element-52b92053 elementor-widget elementor-widget-text-editor\" data-id=\"52b92053\" data-element_type=\"widget\" data-widget_type=\"text-editor.default\">\n\t\t\t\t<div class=\"elementor-widget-container\">\n\t\t\t\t\t\t\t\t\t\t\t\t\t<\/div>\n\t\t\t\t<\/div>\n\t\t\t\t\t<\/div>\n\t\t<\/div>\n\t\t\t\t\t\t\t<\/div>\n\t\t<\/section>\n\t\t\t\t<section class=\"elementor-section elementor-top-section elementor-element elementor-element-5ff58fd4 elementor-section-full_width elementor-section-height-default elementor-section-height-default\" data-id=\"5ff58fd4\" data-element_type=\"section\" data-settings=\"{&quot;background_background&quot;:&quot;classic&quot;,&quot;shape_divider_top&quot;:&quot;mountains&quot;}\">\n\t\t\t\t\t<div class=\"elementor-shape elementor-shape-top\" data-negative=\"false\">\n\t\t\t<svg xmlns=\"http:\/\/www.w3.org\/2000\/svg\" viewBox=\"0 0 1000 100\" preserveAspectRatio=\"none\">\n\t<path class=\"elementor-shape-fill\" opacity=\"0.33\" d=\"M473,67.3c-203.9,88.3-263.1-34-320.3,0C66,119.1,0,59.7,0,59.7V0h1000v59.7 c0,0-62.1,26.1-94.9,29.3c-32.8,3.3-62.8-12.3-75.8-22.1C806,49.6,745.3,8.7,694.9,4.7S492.4,59,473,67.3z\"\/>\n\t<path class=\"elementor-shape-fill\" opacity=\"0.66\" d=\"M734,67.3c-45.5,0-77.2-23.2-129.1-39.1c-28.6-8.7-150.3-10.1-254,39.1 s-91.7-34.4-149.2,0C115.7,118.3,0,39.8,0,39.8V0h1000v36.5c0,0-28.2-18.5-92.1-18.5C810.2,18.1,775.7,67.3,734,67.3z\"\/>\n\t<path class=\"elementor-shape-fill\" d=\"M766.1,28.9c-200-57.5-266,65.5-395.1,19.5C242,1.8,242,5.4,184.8,20.6C128,35.8,132.3,44.9,89.9,52.5C28.6,63.7,0,0,0,0 h1000c0,0-9.9,40.9-83.6,48.1S829.6,47,766.1,28.9z\"\/>\n<\/svg>\t\t<\/div>\n\t\t\t\t\t<div class=\"elementor-container elementor-column-gap-default\">\n\t\t\t\t\t<div class=\"elementor-column elementor-col-33 elementor-top-column elementor-element elementor-element-7f8e4553\" data-id=\"7f8e4553\" data-element_type=\"column\">\n\t\t\t<div class=\"elementor-widget-wrap elementor-element-populated\">\n\t\t\t\t\t\t\t\t<div class=\"elementor-element elementor-element-47ce8575 elementor-widget elementor-widget-heading\" data-id=\"47ce8575\" data-element_type=\"widget\" data-widget_type=\"heading.default\">\n\t\t\t\t<div class=\"elementor-widget-container\">\n\t\t\t<h2 class=\"elementor-heading-title elementor-size-default\">Si\u00e8ge<\/h2>\t\t<\/div>\n\t\t\t\t<\/div>\n\t\t\t\t<div class=\"elementor-element elementor-element-14b7e38a elementor-widget elementor-widget-text-editor\" data-id=\"14b7e38a\" data-element_type=\"widget\" data-widget_type=\"text-editor.default\">\n\t\t\t\t<div class=\"elementor-widget-container\">\n\t\t\t\t\t\t\t<p>Lorem ipsum dolor sit amet, consectetur adipiscing elit. Ut elit tellus, luctus nec ullamcorper mattis, pulvinar dapibus leo.<\/p>\t\t\t\t\t\t<\/div>\n\t\t\t\t<\/div>\n\t\t\t\t<div class=\"elementor-element elementor-element-51ed84b6 elementor-widget elementor-widget-text-editor\" data-id=\"51ed84b6\" data-element_type=\"widget\" data-widget_type=\"text-editor.default\">\n\t\t\t\t<div class=\"elementor-widget-container\">\n\t\t\t\t\t\t\t<p>Lorem ipsum dolor sit amet, consectetur adipiscing elit. Ut elit tellus, luctus nec ullamcorper mattis, pulvinar dapibus leo.<\/p>\t\t\t\t\t\t<\/div>\n\t\t\t\t<\/div>\n\t\t\t\t\t<\/div>\n\t\t<\/div>\n\t\t\t\t<div class=\"elementor-column elementor-col-33 elementor-top-column elementor-element elementor-element-35112c2e\" data-id=\"35112c2e\" data-element_type=\"column\">\n\t\t\t<div class=\"elementor-widget-wrap elementor-element-populated\">\n\t\t\t\t\t\t\t\t<div class=\"elementor-element elementor-element-2f702a43 elementor-widget elementor-widget-heading\" data-id=\"2f702a43\" data-element_type=\"widget\" data-widget_type=\"heading.default\">\n\t\t\t\t<div class=\"elementor-widget-container\">\n\t\t\t<h2 class=\"elementor-heading-title elementor-size-default\">Si\u00e8ge<\/h2>\t\t<\/div>\n\t\t\t\t<\/div>\n\t\t\t\t<div class=\"elementor-element elementor-element-2ed34b42 elementor-widget elementor-widget-text-editor\" data-id=\"2ed34b42\" data-element_type=\"widget\" data-widget_type=\"text-editor.default\">\n\t\t\t\t<div class=\"elementor-widget-container\">\n\t\t\t\t\t\t\t<p>Lorem ipsum dolor sit amet, consectetur adipiscing elit. Ut elit tellus, luctus nec ullamcorper mattis, pulvinar dapibus leo.<\/p>\t\t\t\t\t\t<\/div>\n\t\t\t\t<\/div>\n\t\t\t\t<div class=\"elementor-element elementor-element-79f2844b elementor-widget elementor-widget-text-editor\" data-id=\"79f2844b\" data-element_type=\"widget\" data-widget_type=\"text-editor.default\">\n\t\t\t\t<div class=\"elementor-widget-container\">\n\t\t\t\t\t\t\t<p>Lorem ipsum dolor sit amet, consectetur adipiscing elit. Ut elit tellus, luctus nec ullamcorper mattis, pulvinar dapibus leo.<\/p>\t\t\t\t\t\t<\/div>\n\t\t\t\t<\/div>\n\t\t\t\t\t<\/div>\n\t\t<\/div>\n\t\t\t\t<div class=\"elementor-column elementor-col-33 elementor-top-column elementor-element elementor-element-23ee3a55\" data-id=\"23ee3a55\" data-element_type=\"column\">\n\t\t\t<div class=\"elementor-widget-wrap elementor-element-populated\">\n\t\t\t\t\t\t\t\t<div class=\"elementor-element elementor-element-4f5aaade elementor-widget elementor-widget-heading\" data-id=\"4f5aaade\" data-element_type=\"widget\" data-widget_type=\"heading.default\">\n\t\t\t\t<div class=\"elementor-widget-container\">\n\t\t\t<h2 class=\"elementor-heading-title elementor-size-default\">un service propos\u00e9 par <\/h2>\t\t<\/div>\n\t\t\t\t<\/div>\n\t\t\t\t<div class=\"elementor-element elementor-element-351c42c0 elementor-widget elementor-widget-image\" data-id=\"351c42c0\" data-element_type=\"widget\" data-widget_type=\"image.default\">\n\t\t\t\t<div class=\"elementor-widget-container\">\n\t\t\t\t\t\t\t\t\t\t\t\t\t\t\t<img loading=\"lazy\" decoding=\"async\" width=\"356\" height=\"198\" src=\"https:\/\/cc-qrga.fr\/enfancejeunesse\/wp-content\/uploads\/2021\/04\/logo-ccqrga.png\" class=\"attachment-large size-large wp-image-537\" alt=\"\" srcset=\"https:\/\/cc-qrga.fr\/enfancejeunesse\/wp-content\/uploads\/2021\/04\/logo-ccqrga.png 356w, https:\/\/cc-qrga.fr\/enfancejeunesse\/wp-content\/uploads\/2021\/04\/logo-ccqrga-300x167.png 300w\" sizes=\"auto, (max-width: 356px) 100vw, 356px\" \/>\t\t\t\t\t\t\t\t\t\t\t\t\t\t\t<\/div>\n\t\t\t\t<\/div>\n\t\t\t\t\t<\/div>\n\t\t<\/div>\n\t\t\t\t\t\t\t<\/div>\n\t\t<\/section>\n\t\t\t\t<section class=\"elementor-section elementor-top-section elementor-element elementor-element-e3c1a89 elementor-section-boxed elementor-section-height-default elementor-section-height-default\" data-id=\"e3c1a89\" data-element_type=\"section\">\n\t\t\t\t\t\t<div class=\"elementor-container elementor-column-gap-default\">\n\t\t\t\t\t<div class=\"elementor-column elementor-col-100 elementor-top-column elementor-element elementor-element-89c3d91\" data-id=\"89c3d91\" data-element_type=\"column\">\n\t\t\t<div class=\"elementor-widget-wrap elementor-element-populated\">\n\t\t\t\t\t\t\t\t<div class=\"elementor-element elementor-element-761b25b elementor-widget elementor-widget-heading\" data-id=\"761b25b\" data-element_type=\"widget\" data-widget_type=\"heading.default\">\n\t\t\t\t<div class=\"elementor-widget-container\">\n\t\t\t<h2 class=\"elementor-heading-title elementor-size-default\">Ajoutez votre titre ici<\/h2>\t\t<\/div>\n\t\t\t\t<\/div>\n\t\t\t\t\t<\/div>\n\t\t<\/div>\n\t\t\t\t\t\t\t<\/div>\n\t\t<\/section>\n\t\t\t\t\t\t\t<\/div>\n\t\t","protected":false},"excerpt":{"rendered":"<p>C\u2019est quoi le PIJ ? Le Point d\u2019Information Jeunesse est un\u00a0 lieu d\u2019information et d\u2019orientation pour tout ce qui concerne la vie quotidienne, citoyenne, scolaire et\/ou professionnelle. Un lieu d\u2019\u00e9coute, de conseils et d\u2019accompagnement Un accueil sans rendez-vous, anonyme et gratuit. Il est ouvert \u00e0 tout public : coll\u00e9giens,\u00a0 lyc\u00e9ens, \u00e9tudiants, salari\u00e9s, demandeurs d\u2019emploi, parents, [&hellip;]<\/p>\n","protected":false},"author":1,"featured_media":0,"parent":0,"menu_order":0,"comment_status":"closed","ping_status":"closed","template":"","meta":{"footnotes":""},"folder":[],"class_list":["post-7192","page","type-page","status-publish","hentry"],"acf":[],"_links":{"self":[{"href":"https:\/\/cc-qrga.fr\/enfancejeunesse\/wp-json\/wp\/v2\/pages\/7192","targetHints":{"allow":["GET"]}}],"collection":[{"href":"https:\/\/cc-qrga.fr\/enfancejeunesse\/wp-json\/wp\/v2\/pages"}],"about":[{"href":"https:\/\/cc-qrga.fr\/enfancejeunesse\/wp-json\/wp\/v2\/types\/page"}],"author":[{"embeddable":true,"href":"https:\/\/cc-qrga.fr\/enfancejeunesse\/wp-json\/wp\/v2\/users\/1"}],"replies":[{"embeddable":true,"href":"https:\/\/cc-qrga.fr\/enfancejeunesse\/wp-json\/wp\/v2\/comments?post=7192"}],"version-history":[{"count":40,"href":"https:\/\/cc-qrga.fr\/enfancejeunesse\/wp-json\/wp\/v2\/pages\/7192\/revisions"}],"predecessor-version":[{"id":9154,"href":"https:\/\/cc-qrga.fr\/enfancejeunesse\/wp-json\/wp\/v2\/pages\/7192\/revisions\/9154"}],"wp:attachment":[{"href":"https:\/\/cc-qrga.fr\/enfancejeunesse\/wp-json\/wp\/v2\/media?parent=7192"}],"wp:term":[{"taxonomy":"folder","embeddable":true,"href":"https:\/\/cc-qrga.fr\/enfancejeunesse\/wp-json\/wp\/v2\/folder?post=7192"}],"curies":[{"name":"wp","href":"https:\/\/api.w.org\/{rel}","templated":true}]}}